.
1865
What is the highest common factor of 298 and 108706377?
149
Calculate the highest common factor of 755811930 and 930.
930
Calculate the highest common divisor of 157147 and 120448.
941
Calculate the highest common divisor of 26 and 156588.
2
What is the greatest common factor of 3110 and 300830?
10
Calculate the highest common factor of 17144061 and 6651.
2217
Calculate the highest common divisor of 101440 and 21105860.
6340
What is the greatest common divisor of 20169 and 852308325?
6723
Calculate the greatest common factor of 215832 and 56712.
408
Calculate the greatest common divisor of 218092 and 34286.
14
Calculate the highest common divisor of 95 and 318289.
1
Calculate the greatest common divisor of 297992112 and 72.
24
What is the greatest common factor of 140496809 and 11691?
433
What is the highest common factor of 4094 and 210082?
46
Calculate the greatest common factor of 45 and 3318579.
9
What is the greatest common divisor of 9280590 and 160?
10
What is the greatest common factor of 1949332 and 9856?
308
Calculate the highest common factor of 46125323 and 607.
607
What is the highest common divisor of 104662 and 271244?
86
What is the highest common divisor of 344129 and 3824162?
2279
What is the greatest common divisor of 7410 and 129560?
10
What is the greatest common divisor of 637959 and 64?
1
What is the highest common divisor of 2080 and 18997480?
40
Calculate the highest common factor of 203697 and 136617.
39
What is the greatest common factor of 797370 and 3570?
210
Calculate the highest common factor of 71484 and 30324.
84
Calculate the greatest common divisor of 20571817 and 3596.
899
What is the highest common divisor of 520 and 1153126?
26
What is the greatest common divisor of 235567 and 7076?
29
Calculate the greatest common divisor of 2 and 49856351.
1
What is the highest common divisor of 13516 and 16230318?
218
What is the greatest common factor of 652201 and 250371?
3091
Calculate the highest common divisor of 397048 and 544.
8
What is the greatest common factor of 10098 and 2295513?
297
Calculate the greatest common divisor of 12483950 and 2074.
34
Calculate the greatest common divisor of 12970 and 339214786.
2594
What is the greatest common divisor of 23545 and 8117485?
1385
What is the greatest common divisor of 96840 and 11925?
45
Calculate the highest common factor of 11600 and 1046800.
400
Calculate the highest common divisor of 10 and 7413365.
5
What is the greatest common factor of 98 and 36267007?
49
Calculate the highest common factor of 37359 and 460803.
21
Calculate the highest common divisor of 397 and 1853176547.
397
What is the greatest common factor of 190715 and 665?
35
What is the highest common divisor of 2275558 and 5024?
314
What is the highest common divisor of 2435210 and 210?
10
Calculate the greatest common factor of 1863609 and 858.
33
What is the highest common factor of 895101 and 3621?
51
Calculate the greatest common divisor of 4077257 and 3699.
137
What is the greatest common divisor of 39150 and 407450?
1450
What is the highest common divisor of 4725 and 8202225?
75
Calculate the highest common divisor of 323760 and 18696.
456
Calculate the greatest common divisor of 150 and 4665480.
30
What is the highest common factor of 69417198 and 90?
18
What is the greatest common divisor of 190157 and 44132?
649
What is the highest common divisor of 11226525 and 3308?
827
Calculate the greatest common divisor of 46 and 613801.
23
Calculate the highest common factor of 26463 and 113505.
3
What is the highest common divisor of 317514560 and 31680?
3520
What is the greatest common divisor of 2 and 139345918?
2
What is the highest common divisor of 9664 and 1407280?
16
Calculate the highest common divisor of 45227087 and 76.
19
What is the highest common divisor of 42762412 and 2992?
748
Calculate the highest common divisor of 697683 and 10689.
21
What is the greatest common factor of 17669565 and 410?
205
Calculate the highest common divisor of 117532638 and 144.
18
What is the highest common factor of 355135 and 1345?
5
What is the highest common divisor of 420025 and 392995?
265
What is the greatest common divisor of 176 and 1203903360?
176
Calculate the highest common factor of 5328 and 358451856.
5328
Calculate the highest common divisor of 716 and 276117524.
716
Calculate the highest common factor of 8638 and 83286.
14
What is the greatest common divisor of 33732096 and 636?
12
Calculate the greatest common divisor of 9046052 and 1748.
76
Calculate the highest common divisor of 227798192 and 240.
16
Calculate the greatest common factor of 2829 and 6147663.
123
What is the highest common factor of 4582 and 111986608?
158
Calculate the greatest common divisor of 108731952 and 1512.
504
What is the highest common divisor of 290 and 1026585?
5
What is the highest common factor of 263 and 43099914?
263
What is the greatest common divisor of 410037633 and 1636?
409
What is the highest common divisor of 325844 and 37700?
116
Calculate the greatest common factor of 238756 and 5096.
28
Calculate the greatest common divisor of 868 and 19674452.
28
What is the greatest common factor of 21675 and 40325?
25
What is the highest common divisor of 15 and 4645605?
15
Calculate the greatest common divisor of 920 and 4293640.
920
What is the highest common divisor of 731403 and 63?
9
Calculate the greatest common factor of 14342 and 169619.
71
What is the highest common factor of 1243 and 3412261?
113
Calculate the greatest common divisor of 10014 and 197376.
6
Calculate the greatest common factor of 1119925405 and 2180.
545
What is the highest common factor of 30 and 22612605?
15
What is the highest common divisor of 12385623 and 7662?
3831
What is the highest common divisor of 355927455 and 450?
45
What is the greatest common factor of 14917650 and 47850?
1650
Calculate the highest common factor of 68762666 and 28.
14
Calculate the highest common factor of 4067 and 35056.
7
What is the highest common divisor of 253645 and 4515?
35
What is the highest common factor of 25967220 and 445524?
3252
What is the highest common divisor of 4772390 and 126?
14
What is the greatest common factor of 6251316 and 15?
3
What is the greatest common divisor of 198 and 73461663?
99
What is the greatest common divisor of 840 and 127210860?
420
Calculate the greatest common factor of 2147432 and 2296.
56
Calculate the greatest common factor of 3476066 and 18018.
22
Calculate the greatest common factor of 4018 and 6115298.
98
Calculate the highest common factor of 260202960 and 48370.
6910
What is the highest common factor of 273 and 23115?
3
Calculate the greatest common divisor of 5435430 and 9541415.
11765
Calculate the greatest common divisor of 25085704 and 888.
296
What is the highest common factor of 10955712 and 6?
6
What is the greatest common factor of 621 and 400274244?
621
What is the greatest common factor of 10751089 and 2312?
289
Calculate the highest common factor of 708 and 24981804.
12
Calculate the highest common factor of 4086 and 10412944.
454
What is the highest common divisor of 262 and 6920?
2
What is the highest common divisor of 367093 and 15982243?
5479
Calculate the greatest common factor of 69741 and 7371.
567
What is the greatest common factor of 10 and 125299320?
10
What is the greatest common divisor of 96165 and 4896?
9
Calculate the greatest common divisor of 300410400 and 10149.
10149
What is the highest common factor of 2600970 and 135?
15
What is the highest common factor of 550 and 2314400?
550
What is the highest common factor of 12652725 and 49275?
5475
Calculate the greatest common divisor of 34944 and 1961778.
546
What is the greatest common factor of 75240 and 130320?
360
What is the greatest common divisor of 16638895 and 845?
845
Calculate the highest common divisor of 2465 and 2609500.
85
Calculate the greatest common divisor of 35938 and 328274.
302
Calculate the highest common factor of 4484851826 and 26.
26
Calculate the highest common divisor of 25995268 and 19.
19
What is the greatest common divisor of 177727030 and 8060?
4030
Calculate the highest common factor of 78790537 and 7.
7
Calculate the greatest common divisor of 340 and 9740.
20
Calculate the highest com